{"id":1580,"date":"2021-06-18T16:34:13","date_gmt":"2021-06-18T14:34:13","guid":{"rendered":"http:\/\/philao.fr\/?page_id=1580"},"modified":"2026-01-14T16:36:20","modified_gmt":"2026-01-14T15:36:20","slug":"manageur-premiers-pas-reussissez-votre-prise-de-poste","status":"publish","type":"page","link":"http:\/\/philao.fr\/?page_id=1580","title":{"rendered":"Manageur Premiers Pas : r\u00e9ussissez votre prise de poste !"},"content":{"rendered":"\n<p><\/p>\n\n\n\n<p><strong>OBJECTIFS DE FORMATION<\/strong><\/p>\n\n\n\n<p>int\u00e9grer  la posture manag\u00e9riale et trouver la bonne distance avec ses anciens coll\u00e8gues<\/p>\n\n\n\n<p><strong>OBJECTIFS P\u00c9DAGOGIQUES<\/strong><\/p>\n\n\n\n<p><strong>Se connaitre et trouver sa nouvelle place en tant que manager <\/strong><\/p>\n\n\n\n<p><strong>D\u00e9velopper sa propre boite \u00e0 outils manag\u00e9riale <\/strong><\/p>\n\n\n\n<p><strong>Animer son \u00e9quipe au quotidien<\/strong><\/p>\n\n\n\n<p><strong>PUBLIC CONCERNE<\/strong><\/p>\n\n\n\n<p>toute personne amen\u00e9e \u00e0 manager un ou plusieurs collaborateurs, ou dans les premiers mois de sa prise de fonction<\/p>\n\n\n\n<p><strong>PRE-REQUIS<\/strong><\/p>\n\n\n\n<p>Aucun.<\/p>\n\n\n\n<p><strong>ORGANISATION<\/strong><\/p>\n\n\n\n<p><strong>Dur\u00e9e&nbsp;: 2<\/strong>\njours (14 heures)<\/p>\n\n\n\n<p><strong>Lieu de formation&nbsp;:<\/strong> dans votre\nentreprise<\/p>\n\n\n\n<p><strong>D\u00e9lais d\u2019acc\u00e8s&nbsp;\u00e0 la formation : &nbsp;<\/strong>g\u00e9n\u00e9ralement d\u2019une \u00e0 trois semaines (nous\nconsulter) <\/p>\n\n\n\n<p><strong>CONTENU DE\nFORMATION&nbsp;:<\/strong><\/p>\n\n\n\n<p>1.<strong>D\u00e9velopper son identit\u00e9 de manager&nbsp;<\/strong><\/p>\n\n\n\n<p> Communiquer efficacement avec ses anciens coll\u00e8gues <br> Clarifier son r\u00f4le dans l&rsquo;organisation <br> Identifier son style et r\u00e9fl\u00e9chir \u00e0 ses pratiques manag\u00e9riales<\/p>\n\n\n\n<p> 2. <strong>Organiser et g\u00e9rer les activit\u00e9s<\/strong><\/p>\n\n\n\n<p>Construire\nson tableau de bord de pilotage<\/p>\n\n\n\n<p>G\u00e9rer\nles priorit\u00e9s<\/p>\n\n\n\n<p>Structurer des temps de r\u00e9union efficaces<\/p>\n\n\n\n<p>3. <strong>Manager en situation d\u00e9licate<\/strong><\/p>\n\n\n\n<p> Prendre en charge et pr\u00e9venir les conflits<\/p>\n\n\n\n<p> Recadrer en cas de n\u00e9cessit\u00e9<\/p>\n\n\n\n<p>Adapter\nson mode de management \u00e0 chaque situation &nbsp; <\/p>\n\n\n\n<p>4.<strong>Animer son \u00e9quipe au quotidien <\/strong><\/p>\n\n\n\n<p>Motiver\net entretenir la dynamique de l&rsquo;\u00e9quipe&nbsp;<\/p>\n\n\n\n<p>Se\npositionner en tant que leader <\/p>\n\n\n\n<p>Porter\net d\u00e9ployer la strat\u00e9gie au sein de l&rsquo;\u00e9quipe<\/p>\n\n\n\n<p><strong>Dur\u00e9e : <\/strong>2 jours \u00e0 suivre<\/p>\n\n\n\n<p><strong>MODALIT\u00c9S P\u00c9DAGOGIQUES<\/strong><\/p>\n\n\n\n<p><strong> <\/strong>Alternance d&rsquo;expos\u00e9s th\u00e9oriques et de mises en situation construites \u00e0 partir du v\u00e9cu professionnel des participants, dans le but de favoriser les prises de conscience et les apprentissages.<\/p>\n\n\n\n<p><strong>Information validation&nbsp;:<\/strong><\/p>\n\n\n\n<p>Attestation individuelle de formation<\/p>\n\n\n\n<p><strong>Qualifications des formateurs&nbsp;: <\/strong>Formateur expert ayant une exp\u00e9rience en entreprise et dont les comp\u00e9tences d&rsquo;animation sur cette th\u00e9matique sont reconnues. L&rsquo;approche p\u00e9dagogique propos\u00e9e est conforme \u00e0 la d\u00e9marche qualit\u00e9 de PHILAO.<\/p>\n\n\n\n<p><strong>Modalit\u00e9s d&rsquo;\u00e9valuations&nbsp;:&nbsp; <\/strong><\/p>\n\n\n\n<p>\u00c9valuation syst\u00e9matique des connaissances acquises en fin de formation (QCM d\u00e9but et fin de formation).<\/p>\n\n\n\n<p><strong>Accessibilit\u00e9 aux personnes handicap\u00e9es&nbsp;: <\/strong>nous consulter<\/p>\n\n\n\n<p><strong>Lieu <\/strong>: secteur Carhaix Loud\u00e9ac (en fonction de l&rsquo;origine des participants)<\/p>\n\n\n\n<p><strong>dates <\/strong>: second trimestre 2026<\/p>\n\n\n\n<p><strong>Tarif<\/strong> : 790 euros net de TVA\/personne<\/p>\n\n\n\n<p><mark style=\"background-color:rgba(0, 0, 0, 0)\" class=\"has-inline-color has-luminous-vivid-orange-color\"><strong>99,7 % des apprenants se sont d\u00e9clar\u00e9s satisfaits ou tr\u00e8s satisfaits \u00e0 l&rsquo;issue de leur formation en 2025<\/strong> *<\/mark><\/p>\n\n\n\n<p class=\"has-text-align-center has-luminous-vivid-orange-color has-text-color has-medium-font-size\"><strong><mark style=\"background-color:rgba(0, 0, 0, 0)\" class=\"has-inline-color has-pale-cyan-blue-color\">OPTION  : Parcours Mixte Formation Coaching \u00e0 la carte<\/mark> <\/strong><\/p>\n\n\n\n<p class=\"has-text-align-center has-luminous-vivid-orange-color has-text-color has-medium-font-size\"><\/p>\n\n\n\n<p>Pour trouver son style et assumer pleinement ses nouvelles missions, <\/p>\n\n\n\n<ul>\n<li>Mettre en \u0153uvre son plan d&rsquo;actions manag\u00e9rial <\/li>\n\n\n\n<li>Obtenir rapidement ses premiers r\u00e9sultats<\/li>\n<\/ul>\n\n\n\n<p>Une formation de deux jours cons\u00e9cutifs, puis un accompagnement individuel en 3 temps : <\/p>\n\n\n\n<ol>\n<li><strong>Capitaliser sur les acquis de la formation et rep\u00e9rer ses points de progr\u00e8s<\/strong><\/li>\n\n\n\n<li><strong>Analyser les retours terrain pour ouvrir de nouvelles perspectives<\/strong><\/li>\n\n\n\n<li><strong>Ajuster sa posture et ses modalit\u00e9s de pilotage en autonomie<\/strong><\/li>\n<\/ol>\n\n\n\n<p>Chaque s\u00e9quence est compos\u00e9e d&rsquo;une \u00e0 trois s\u00e9ances d&rsquo;une heure trente, en pr\u00e9sentiel et\/ou en distanciel. <\/p>\n\n\n\n<p class=\"has-vivid-cyan-blue-color has-text-color\"><strong>Le rituel d&rsquo;une s\u00e9ance : <\/strong><\/p>\n\n\n\n<p>Le coach\u00e9 expose sa situation, son humeur, sa priorit\u00e9 du jour, donnant lieu \u00e0 un th\u00e8me de s\u00e9ance. Le coach propose alors une exp\u00e9rimentation visant \u00e0 explorer les pr\u00e9occupations du coach\u00e9, en soutenant son  attention au v\u00e9cu physique, affectif et rationnel, dans l&rsquo;instant , pour faire \u00e9merger les r\u00e9sonances, prise de conscience porteuses de solutions  pertinentes pour le coach\u00e9. La s\u00e9ance se conclut par une auto \u00e9valuation des apprentissages en cours.<\/p>\n\n\n\n<p class=\"has-luminous-vivid-orange-color has-text-color\"> <strong>Tarif du parcours Mixte : nous consulter <\/strong><\/p>\n\n\n\n<figure class=\"wp-block-image\"><img loading=\"lazy\" decoding=\"async\" width=\"71\" height=\"81\" src=\"http:\/\/philao.fr\/wp-content\/uploads\/2021\/03\/logo-philao-petit.png\" alt=\"\" class=\"wp-image-1491\"\/><figcaption class=\"wp-element-caption\">le 1er janvier 2026<\/figcaption><\/figure>\n","protected":false},"excerpt":{"rendered":"<p>OBJECTIFS DE FORMATION int\u00e9grer la posture manag\u00e9riale et trouver la bonne distance avec ses anciens coll\u00e8gues OBJECTIFS P\u00c9DAGOGIQUES Se connaitre et trouver sa nouvelle place en tant que manager D\u00e9velopper &#8230;<\/p>\n","protected":false},"author":1,"featured_media":0,"parent":0,"menu_order":0,"comment_status":"closed","ping_status":"closed","template":"","meta":{"_monsterinsights_skip_tracking":false,"_monsterinsights_sitenote_active":false,"_monsterinsights_sitenote_note":"","_monsterinsights_sitenote_category":0,"footnotes":""},"_links":{"self":[{"href":"http:\/\/philao.fr\/index.php?rest_route=\/wp\/v2\/pages\/1580"}],"collection":[{"href":"http:\/\/philao.fr\/index.php?rest_route=\/wp\/v2\/pages"}],"about":[{"href":"http:\/\/philao.fr\/index.php?rest_route=\/wp\/v2\/types\/page"}],"author":[{"embeddable":true,"href":"http:\/\/philao.fr\/index.php?rest_route=\/wp\/v2\/users\/1"}],"replies":[{"embeddable":true,"href":"http:\/\/philao.fr\/index.php?rest_route=%2Fwp%2Fv2%2Fcomments&post=1580"}],"version-history":[{"count":18,"href":"http:\/\/philao.fr\/index.php?rest_route=\/wp\/v2\/pages\/1580\/revisions"}],"predecessor-version":[{"id":2162,"href":"http:\/\/philao.fr\/index.php?rest_route=\/wp\/v2\/pages\/1580\/revisions\/2162"}],"wp:attachment":[{"href":"http:\/\/philao.fr\/index.php?rest_route=%2Fwp%2Fv2%2Fmedia&parent=1580"}],"curies":[{"name":"wp","href":"https:\/\/api.w.org\/{rel}","templated":true}]}}