{"id":164,"date":"2017-08-16T16:32:44","date_gmt":"2017-08-16T14:32:44","guid":{"rendered":"http:\/\/philao.fr\/?page_id=164"},"modified":"2026-01-14T12:54:50","modified_gmt":"2026-01-14T11:54:50","slug":"la-formation","status":"publish","type":"page","link":"http:\/\/philao.fr\/?page_id=164","title":{"rendered":"la formation"},"content":{"rendered":"<div class=\"wp-block-image\">\n<figure class=\"alignright is-resized\"><img loading=\"lazy\" decoding=\"async\" width=\"96\" height=\"96\" src=\"http:\/\/philao.fr\/wp-content\/uploads\/2021\/03\/Image5.jpg\" alt=\"\" class=\"wp-image-1510\" style=\"width:96px;height:auto\"\/><\/figure><\/div>\n\n\n<p><strong>Th\u00e8me I : D\u00e9velopper des comp\u00e9tences professionnelles au service du collectif<\/strong><\/p>\n\n\n\n<ul>\n<li><a href=\"http:\/\/philao.fr\/?page_id=1931\" data-type=\"page\" data-id=\"1931\"><mark style=\"background-color:rgba(0, 0, 0, 0)\" class=\"has-inline-color has-luminous-vivid-orange-color\"><strong>Animer des s\u00e9ances de cod\u00e9veloppement professionnel<\/strong><\/mark><\/a><\/li>\n\n\n\n<li style=\"font-style:normal;font-weight:700\"><a href=\"http:\/\/philao.fr\/?page_id=1580\">Manager premiers pas <\/a><\/li>\n\n\n\n<li style=\"font-style:normal;font-weight:700\"><a href=\"http:\/\/philao.fr\/?page_id=1535\">Devenir tuteur<\/a><\/li>\n\n\n\n<li><a href=\"https:\/\/philao.fr\/?page_id=2057\" data-type=\"page\" data-id=\"2057\"><mark style=\"background-color:rgba(0, 0, 0, 0)\" class=\"has-inline-color has-luminous-vivid-orange-color\"><strong>R\u00e9ussir son tutorat : le jeu !<\/strong><\/mark><\/a><\/li>\n\n\n\n<li style=\"font-style:normal;font-weight:700\"><a href=\"http:\/\/philao.fr\/?page_id=1539\">Devenir formateur occasionnel<\/a><\/li>\n\n\n\n<li style=\"font-style:normal;font-weight:700\"><a href=\"http:\/\/philao.fr\/?page_id=1543\">R\u00e9ussir ses entretiens professionnels<\/a><\/li>\n<\/ul>\n\n\n\n<p><strong>Th\u00e8me II : Accro\u00eetre la Qualit\u00e9 des Relations professionnelles ( Q.R.T)<\/strong><\/p>\n\n\n\n<ul>\n<li style=\"font-style:normal;font-weight:700\"><a href=\"http:\/\/philao.fr\/?page_id=1505\">D\u00e9velopper des relations efficaces et sereines<\/a><\/li>\n\n\n\n<li style=\"font-style:normal;font-weight:700\"><a href=\"http:\/\/philao.fr\/?page_id=1490\">Vivre ses \u00e9motions<\/a><\/li>\n\n\n\n<li style=\"font-style:normal;font-weight:700\"><a href=\"http:\/\/philao.fr\/?page_id=1547\">G\u00e9rer les conflits<\/a><\/li>\n\n\n\n<li style=\"font-style:normal;font-weight:700\"><a href=\"http:\/\/philao.fr\/?page_id=1884\">G\u00e9rer les incivilit\u00e9s<\/a><\/li>\n\n\n\n<li><a href=\"http:\/\/philao.fr\/?page_id=1935\" data-type=\"page\" data-id=\"1935\"><mark style=\"background-color:rgba(0, 0, 0, 0)\" class=\"has-inline-color has-luminous-vivid-orange-color\"><strong>Reconna\u00eetre et ajuster sa posture face \u00e0  la violence verbale<\/strong><\/mark><\/a><\/li>\n<\/ul>\n\n\n\n<p><strong>Th\u00e8me III : Fiabiliser les processus et am\u00e9liorer leur pilotage<\/strong><\/p>\n\n\n<div class=\"wp-block-image\">\n<figure class=\"alignleft\"><img loading=\"lazy\" decoding=\"async\" width=\"96\" height=\"96\" src=\"http:\/\/philao.fr\/wp-content\/uploads\/2021\/03\/Image6.jpg\" alt=\"\" class=\"wp-image-1512\"\/><\/figure><\/div>\n\n\n<p class=\"has-text-align-right\"><\/p>\n\n\n\n<ul>\n<li style=\"font-style:normal;font-weight:700\"><a href=\"http:\/\/philao.fr\/?page_id=1522\">D\u00e9ployer l\u2019 Approche Processus<\/a><\/li>\n\n\n\n<li style=\"font-style:normal;font-weight:700\"><a href=\"http:\/\/philao.fr\/?page_id=1525\">Manager son unit\u00e9 par la qualit\u00e9<\/a><\/li>\n\n\n\n<li style=\"font-style:normal;font-weight:700\"><a href=\"http:\/\/philao.fr\/?page_id=1530\">S\u2019approprier l\u2019am\u00e9lioration continue<\/a><\/li>\n<\/ul>\n\n\n<div class=\"wp-block-image\">\n<figure class=\"alignright\"><img loading=\"lazy\" decoding=\"async\" width=\"300\" height=\"201\" src=\"http:\/\/philao.fr\/wp-content\/uploads\/2017\/08\/formation-philao-1-300x201.png\" alt=\"\" class=\"wp-image-311\" srcset=\"http:\/\/philao.fr\/wp-content\/uploads\/2017\/08\/formation-philao-1-300x201.png 300w, http:\/\/philao.fr\/wp-content\/uploads\/2017\/08\/formation-philao-1.png 693w\" sizes=\"(max-width: 300px) 100vw, 300px\" \/><\/figure><\/div>\n\n\n<ul>\n<li><mark style=\"background-color:rgba(0, 0, 0, 0)\" class=\"has-inline-color has-luminous-vivid-orange-color\"><strong>Nouvelles formations 2025<\/strong><\/mark><strong><br><\/strong><\/li>\n<\/ul>\n\n\n\n<h4 class=\"wp-block-heading\">&nbsp;<\/h4>\n\n\n\n<h4 class=\"wp-block-heading\">&nbsp;<\/h4>\n\n\n\n<h4 class=\"wp-block-heading\">&nbsp;<\/h4>\n\n\n\n<h3 class=\"wp-block-heading\"><strong><span style=\"color: #ff6600;\">99,6 % de nos clients se d\u00e9clarent satisfaits ou tr\u00e8s satisfaits de nos formations !*<\/span><\/strong><\/h3>\n\n\n\n<p>taux d&rsquo;atteinte des objectifs par prestation :<\/p>\n\n\n\n<p>Formation de tuteurs : 100 %<\/p>\n\n\n\n<p>Formation de formateurs : 99,65&nbsp; %<\/p>\n\n\n\n<p>Formation de Manageurs : 99,69 %<\/p>\n\n\n\n<p>Formation en communication : 98,4 %<\/p>\n\n\n\n<ul>\n<li>: en 2025 sur la base d&rsquo;un questionnaire de satisfaction rempli par les apprenants en 2025<\/li>\n<\/ul>\n","protected":false},"excerpt":{"rendered":"<p>Th\u00e8me I : D\u00e9velopper des comp\u00e9tences professionnelles au service du collectif Th\u00e8me II : Accro\u00eetre la Qualit\u00e9 des Relations professionnelles ( Q.R.T) Th\u00e8me III : Fiabiliser les processus et am\u00e9liorer &#8230;<\/p>\n","protected":false},"author":1,"featured_media":0,"parent":0,"menu_order":0,"comment_status":"closed","ping_status":"closed","template":"","meta":{"_monsterinsights_skip_tracking":false,"_monsterinsights_sitenote_active":false,"_monsterinsights_sitenote_note":"","_monsterinsights_sitenote_category":0,"footnotes":""},"_links":{"self":[{"href":"http:\/\/philao.fr\/index.php?rest_route=\/wp\/v2\/pages\/164"}],"collection":[{"href":"http:\/\/philao.fr\/index.php?rest_route=\/wp\/v2\/pages"}],"about":[{"href":"http:\/\/philao.fr\/index.php?rest_route=\/wp\/v2\/types\/page"}],"author":[{"embeddable":true,"href":"http:\/\/philao.fr\/index.php?rest_route=\/wp\/v2\/users\/1"}],"replies":[{"embeddable":true,"href":"http:\/\/philao.fr\/index.php?rest_route=%2Fwp%2Fv2%2Fcomments&post=164"}],"version-history":[{"count":99,"href":"http:\/\/philao.fr\/index.php?rest_route=\/wp\/v2\/pages\/164\/revisions"}],"predecessor-version":[{"id":2126,"href":"http:\/\/philao.fr\/index.php?rest_route=\/wp\/v2\/pages\/164\/revisions\/2126"}],"wp:attachment":[{"href":"http:\/\/philao.fr\/index.php?rest_route=%2Fwp%2Fv2%2Fmedia&parent=164"}],"curies":[{"name":"wp","href":"https:\/\/api.w.org\/{rel}","templated":true}]}}