{"id":1884,"date":"2024-04-28T18:19:53","date_gmt":"2024-04-28T16:19:53","guid":{"rendered":"http:\/\/philao.fr\/?page_id=1884"},"modified":"2026-01-14T16:24:18","modified_gmt":"2026-01-14T15:24:18","slug":"gerer-les-incivilites","status":"publish","type":"page","link":"http:\/\/philao.fr\/?page_id=1884","title":{"rendered":"G\u00e9rer les incivilit\u00e9s"},"content":{"rendered":"\n<p><strong>OBJECTIFS DE FORMATION<\/strong><\/p>\n\n\n\n<p>G\u00e9rer les incivilit\u00e9s  tout en se prot\u00e9geant et en pr\u00e9servant la relation <\/p>\n\n\n\n<p><strong>OBJECTIFS P\u00c9DAGOGIQUES<\/strong><\/p>\n\n\n\n<p>Rep\u00e9rer ses limites face aux incivilit\u00e9s.<\/p>\n\n\n\n<p>Appr\u00e9hender les diff\u00e9rents profils de personnalit\u00e9 pour s\u2019ajuster et anticiper l\u2019agressivit\u00e9. <\/p>\n\n\n\n<p>Savoir s&rsquo;affirmer et pr\u00e9server la relation<\/p>\n\n\n\n<p><strong>PUBLIC CONCERNE<\/strong><\/p>\n\n\n\n<p>Tout collaborateur.trice &nbsp;<\/p>\n\n\n\n<p><strong>PRE-REQUIS<\/strong><\/p>\n\n\n\n<p>Aucun.<\/p>\n\n\n\n<p><strong>ORGANISATION<\/strong><\/p>\n\n\n\n<p><strong>Dur\u00e9e&nbsp;: <\/strong>2 jours (14 heures)<\/p>\n\n\n\n<p><strong>Lieu de formation\u00a0:<\/strong> dans votre entreprise<\/p>\n\n\n\n<p><strong>D\u00e9lais d\u2019acc\u00e8s\u00a0\u00e0 la formation : \u00a0<\/strong>g\u00e9n\u00e9ralement d\u2019une \u00e0 trois semaines (nous consulter)<\/p>\n\n\n\n<p><strong>Se conna\u00eetre face \u00e0 l\u2019agressivit\u00e9 et aux incivilit\u00e9s<\/strong><\/p>\n\n\n\n<p>Identifier ses repr\u00e9sentations du conflit, son syst\u00e8me de valeurs et ses croyances<\/p>\n\n\n\n<p>Rep\u00e9rer ses modes de fonctionnement en situation de tensions relationnelles<\/p>\n\n\n\n<p>Reconna\u00eetre et accueillir ses \u00e9motions<\/p>\n\n\n\n<p>Identifier les attitudes et comportements qui peuvent induire une r\u00e9ponse agressive<\/p>\n\n\n\n<p><strong>R\u00e9agir en adoptant un comportement appropri\u00e9 pour d\u00e9samorcer la situation<\/strong><\/p>\n\n\n\n<p>Utiliser les techniques permettant de g\u00e9rer son stress et ses \u00e9motions<\/p>\n\n\n\n<p>Prendre conscience de l\u2019impact du non-verbal et adopter une attitude physique rassurante et stable<\/p>\n\n\n\n<p>Rester ma\u00eetre de soi en d\u00e9veloppant un comportement assertif : \u00e9viter les pi\u00e8ges du \u00ab langage de sourd \u00bb, les mots qui blessent, les attitudes qui heurtent, rester factuel<\/p>\n\n\n\n<p>\u00e9couter et reformuler pour mettre \u00e0 jour les non-dits et les besoins cach\u00e9s, \u00eatre orient\u00e9 solution<\/p>\n\n\n\n<p>faire valoir ses droits et se faire respecter en posant des limites \u00e0 ne pas d\u00e9passer et en rappelant les r\u00e8gles de bien-vivre ensemble<\/p>\n\n\n\n<p><strong>G\u00e9rer l\u2019apr\u00e8s en sachant se ressourcer<\/strong><\/p>\n\n\n\n<p>Utiliser des techniques de relaxation minute<\/p>\n\n\n\n<p>S\u2019exprimer apr\u00e8s l\u2019\u00e9v\u00e9nement v\u00e9cu<\/p>\n\n\n\n<p>Prendre du recul et assimiler l\u2019exp\u00e9rience<\/p>\n\n\n\n<p>Pr\u00e9server sa confiance en soi<\/p>\n\n\n\n<p><strong>MODALIT\u00c9S P\u00c9DAGOGIQUES<\/strong><\/p>\n\n\n\n<p>Dynamique collective : expression des attentes et questions des\nparticipants, apports th\u00e9oriques, \u00e9tudes de cas \u00e0 partir de situations\nprofessionnelles v\u00e9cues, analyse de pratique, mise en situations pour initier\nun plan de progr\u00e8s personnel<\/p>\n\n\n\n<p><strong>Information validation&nbsp;:<\/strong> <\/p>\n\n\n\n<p>Attestation individuelle de formation<\/p>\n\n\n\n<p><strong>Qualifications des formateurs&nbsp;: <\/strong>Formateur\nexpert ayant une exp\u00e9rience en entreprise et dont les comp\u00e9tences d&rsquo;animation\nsur cette th\u00e9matique sont reconnues. L&rsquo;approche p\u00e9dagogique propos\u00e9e est\nconforme \u00e0 la d\u00e9marche qualit\u00e9 de PHILAO.<\/p>\n\n\n\n<p><strong>Modalit\u00e9s d&rsquo;\u00e9valuations\u00a0:\u00a0 <\/strong><\/p>\n\n\n\n<p>\u00c9valuation syst\u00e9matique des connaissances acquises en fin de formation (QCM d\u00e9but et fin de formation).<\/p>\n\n\n\n<p><strong>Accessibilit\u00e9 aux personnes handicap\u00e9es&nbsp;: <\/strong>nous consulter<\/p>\n\n\n\n<p>Le 6 janvier 2026<\/p>\n","protected":false},"excerpt":{"rendered":"<p>OBJECTIFS DE FORMATION G\u00e9rer les incivilit\u00e9s tout en se prot\u00e9geant et en pr\u00e9servant la relation OBJECTIFS P\u00c9DAGOGIQUES Rep\u00e9rer ses limites face aux incivilit\u00e9s. Appr\u00e9hender les diff\u00e9rents profils de personnalit\u00e9 pour &#8230;<\/p>\n","protected":false},"author":1,"featured_media":0,"parent":0,"menu_order":0,"comment_status":"closed","ping_status":"closed","template":"","meta":{"_monsterinsights_skip_tracking":false,"_monsterinsights_sitenote_active":false,"_monsterinsights_sitenote_note":"","_monsterinsights_sitenote_category":0,"footnotes":""},"_links":{"self":[{"href":"http:\/\/philao.fr\/index.php?rest_route=\/wp\/v2\/pages\/1884"}],"collection":[{"href":"http:\/\/philao.fr\/index.php?rest_route=\/wp\/v2\/pages"}],"about":[{"href":"http:\/\/philao.fr\/index.php?rest_route=\/wp\/v2\/types\/page"}],"author":[{"embeddable":true,"href":"http:\/\/philao.fr\/index.php?rest_route=\/wp\/v2\/users\/1"}],"replies":[{"embeddable":true,"href":"http:\/\/philao.fr\/index.php?rest_route=%2Fwp%2Fv2%2Fcomments&post=1884"}],"version-history":[{"count":4,"href":"http:\/\/philao.fr\/index.php?rest_route=\/wp\/v2\/pages\/1884\/revisions"}],"predecessor-version":[{"id":2153,"href":"http:\/\/philao.fr\/index.php?rest_route=\/wp\/v2\/pages\/1884\/revisions\/2153"}],"wp:attachment":[{"href":"http:\/\/philao.fr\/index.php?rest_route=%2Fwp%2Fv2%2Fmedia&parent=1884"}],"curies":[{"name":"wp","href":"https:\/\/api.w.org\/{rel}","templated":true}]}}