{"id":63,"date":"2017-07-25T13:01:46","date_gmt":"2017-07-25T11:01:46","guid":{"rendered":"http:\/\/philao.fr\/?page_id=63"},"modified":"2023-03-14T17:46:50","modified_gmt":"2023-03-14T16:46:50","slug":"a-propos-de","status":"publish","type":"page","link":"http:\/\/philao.fr\/?page_id=63","title":{"rendered":"\u00c0 propos de"},"content":{"rendered":"<p><img loading=\"lazy\" decoding=\"async\" class=\"wp-image-1387 alignleft\" src=\"http:\/\/philao.fr\/wp-content\/uploads\/2019\/10\/photo-jfr-2019-233x300.jpg\" alt=\"\" width=\"103\" height=\"133\" \/><\/p>\n<p>Apr\u00e8s des \u00e9tudes d\u2019<strong>Ing\u00e9nieur<\/strong> Agronome, <strong>Jean-Fran\u00e7ois ROBIN<\/strong> a exerc\u00e9 pendant plus de 20 ans des fonctions cl\u00e9s au sein de PME de<strong> l\u2019Industrie Agro-Alimentaire<\/strong> : responsable de production, chef de projet qualit\u00e9, responsable de p\u00f4les de formation dans les domaines de la s\u00e9curit\u00e9 et de la performance industrielle. Il a ainsi acquis une<strong> vision globale<\/strong> du fonctionnement des organisations dans des contextes de <strong>changement<\/strong>.\u00a0 Puis <strong>consultant interne<\/strong> en management Socio Economique\u00ae dans un organisme consulaire, il s\u2019est form\u00e9 au m\u00e9tier de <strong>Coach professionnel<\/strong> pour allier comp\u00e9tences rationnelles et \u00e9motionnelles (il est <strong>certifi\u00e9 <a href=\"https:\/\/execed.hec.edu\/fr\/ressources-humaines-coaching?gclid=Cj0KEQjwoZTNBRCWg6TbrNu9z6gBEiQA4xkeYbtPrY2ns8EWA0HycKFPstOLdWXq5KPlCYnkCl1ALAIaAq688P8HAQ\" target=\"_blank\" rel=\"noopener noreferrer\">Executive Coach<\/a>, HEC PARIS<\/strong>).<\/p>\n<p>Install\u00e9 \u00e0 Morlaix\u00a0 il est <strong>Gestalt Praticien (dipl\u00f4m\u00e9 de l&rsquo;Ecole Parisienne de Gestalt)\u00a0<\/strong> et accompagne les personnes sur leur chemin de vie.<\/p>\n<p>Puisant dans les ressources de la<strong> PNL, <\/strong>de la<strong> Gestalt Th\u00e9rapie, <\/strong>du<strong> langage m\u00e9taphorique <\/strong>et de la<strong> Syst\u00e9mique\u00a0<\/strong> il porte les convictions suivantes :<\/p>\n<ul>\n<li>la <strong>mise en mouvement<\/strong> du changement est conditionn\u00e9e par la mobilisation du <strong>ressenti corporel<\/strong> et des \u00e9motions associ\u00e9es<\/li>\n<li>la <strong>cr\u00e9ativit\u00e9<\/strong> dans la relation de travail est une comp\u00e9tence pr\u00e9sente en chacun de nous<\/li>\n<li>l<strong>\u2019alliance entre la pens\u00e9e logique et analogique<\/strong>, le verbe et l\u2019image, est un outil puissant d\u2019inspiration pour stimuler le d\u00e9ploiement de son potentiel.<\/li>\n<\/ul>\n\n\n<p class=\"has-medium-font-size\">Quelques pistes pour d\u00e9marrer un accompagnement<strong> : <\/strong><\/p>\n\n\n\n<p>Comprendre ses modes de communication mieux s\u2019engager dans la relation <\/p>\n\n\n\n<p>Gagner en confiance en soi pour oser <\/p>\n\n\n\n<p>Mobiliser son potentiel \u00e9motionnel pour gagner en authenticit\u00e9<\/p>\n\n\n\n<p>Explorer ses valeurs pour gagner\nen coh\u00e9rence <\/p>\n\n\n\n<p>Revisiter\nses postures professionnelles et accro\u00eetre son efficacit\u00e9&nbsp;&nbsp;&nbsp; <\/p>\n\n\n\n<p>Devenir acteur de son orientation et reconversion professionnelle&#8230;..<\/p>\n","protected":false},"excerpt":{"rendered":"<p>Apr\u00e8s des \u00e9tudes d\u2019Ing\u00e9nieur Agronome, Jean-Fran\u00e7ois ROBIN a exerc\u00e9 pendant plus de 20 ans des fonctions cl\u00e9s au sein de PME de l\u2019Industrie Agro-Alimentaire : responsable de production, chef de &#8230;<\/p>\n","protected":false},"author":1,"featured_media":89,"parent":0,"menu_order":0,"comment_status":"closed","ping_status":"closed","template":"","meta":{"_monsterinsights_skip_tracking":false,"_monsterinsights_sitenote_active":false,"_monsterinsights_sitenote_note":"","_monsterinsights_sitenote_category":0,"footnotes":""},"_links":{"self":[{"href":"http:\/\/philao.fr\/index.php?rest_route=\/wp\/v2\/pages\/63"}],"collection":[{"href":"http:\/\/philao.fr\/index.php?rest_route=\/wp\/v2\/pages"}],"about":[{"href":"http:\/\/philao.fr\/index.php?rest_route=\/wp\/v2\/types\/page"}],"author":[{"embeddable":true,"href":"http:\/\/philao.fr\/index.php?rest_route=\/wp\/v2\/users\/1"}],"replies":[{"embeddable":true,"href":"http:\/\/philao.fr\/index.php?rest_route=%2Fwp%2Fv2%2Fcomments&post=63"}],"version-history":[{"count":22,"href":"http:\/\/philao.fr\/index.php?rest_route=\/wp\/v2\/pages\/63\/revisions"}],"predecessor-version":[{"id":1822,"href":"http:\/\/philao.fr\/index.php?rest_route=\/wp\/v2\/pages\/63\/revisions\/1822"}],"wp:featuredmedia":[{"embeddable":true,"href":"http:\/\/philao.fr\/index.php?rest_route=\/wp\/v2\/media\/89"}],"wp:attachment":[{"href":"http:\/\/philao.fr\/index.php?rest_route=%2Fwp%2Fv2%2Fmedia&parent=63"}],"curies":[{"name":"wp","href":"https:\/\/api.w.org\/{rel}","templated":true}]}}

À propos de

<p><img loading="lazy" decoding="async" class="wp-image-1387 alignleft" src="http://philao.fr/wp-content/uploads/2019/10/photo-jfr-2019-233x300.jpg" alt="" width="103" height="133" /></p>
<p>Après des études d’<strong>Ingénieur</strong> Agronome, <strong>Jean-François ROBIN</strong> a exercé pendant plus de 20 ans des fonctions clés au sein de PME de<strong> l’Industrie Agro-Alimentaire</strong> : responsable de production, chef de projet qualité, responsable de pôles de formation dans les domaines de la sécurité et de la performance industrielle. Il a ainsi acquis une<strong> vision globale</strong> du fonctionnement des organisations dans des contextes de <strong>changement</strong>.  Puis <strong>consultant interne</strong> en management Socio Economique® dans un organisme consulaire, il s’est formé au métier de <strong>Coach professionnel</strong> pour allier compétences rationnelles et émotionnelles (il est <strong>certifié <a href="https://execed.hec.edu/fr/ressources-humaines-coaching?gclid=Cj0KEQjwoZTNBRCWg6TbrNu9z6gBEiQA4xkeYbtPrY2ns8EWA0HycKFPstOLdWXq5KPlCYnkCl1ALAIaAq688P8HAQ" target="_blank" rel="noopener noreferrer">Executive Coach</a>, HEC PARIS</strong>).</p>
<p>Installé à Morlaix  il est <strong>Gestalt Praticien (diplômé de l&rsquo;Ecole Parisienne de Gestalt) </strong> et accompagne les personnes sur leur chemin de vie.</p>
<p>Puisant dans les ressources de la<strong> PNL, </strong>de la<strong> Gestalt Thérapie, </strong>du<strong> langage métaphorique </strong>et de la<strong> Systémique </strong> il porte les convictions suivantes :</p>
<ul>
<li>la <strong>mise en mouvement</strong> du changement est conditionnée par la mobilisation du <strong>ressenti corporel</strong> et des émotions associées</li>
<li>la <strong>créativité</strong> dans la relation de travail est une compétence présente en chacun de nous</li>
<li>l<strong>’alliance entre la pensée logique et analogique</strong>, le verbe et l’image, est un outil puissant d’inspiration pour stimuler le déploiement de son potentiel.</li>
</ul>


<p class="has-medium-font-size">Quelques pistes pour démarrer un accompagnement<strong> : </strong></p>



<p>Comprendre ses modes de communication mieux s’engager dans la relation </p>



<p>Gagner en confiance en soi pour oser </p>



<p>Mobiliser son potentiel émotionnel pour gagner en authenticité</p>



<p>Explorer ses valeurs pour gagner
en cohérence </p>



<p>Revisiter
ses postures professionnelles et accroître son efficacité&nbsp;&nbsp;&nbsp; </p>



<p>Devenir acteur de son orientation et reconversion professionnelle&#8230;..</p>

<p>Après des études d’Ingénieur Agronome, Jean-François ROBIN a exercé pendant plus de 20 ans des fonctions clés au sein de PME de l’Industrie Agro-Alimentaire : responsable de production, chef de &#8230;</p>
